8
What is 53 (base 7) in base 14?
2a
-34 (base 9) to base 12
-27
Convert -10 (base 6) to base 7.
-6
Convert -251 (base 7) to base 11.
-112
What is 0 (base 6) in base 3?
0
What is -3 (base 13) in base 8?
-3
What is -3 (base 5) in base 8?
-3
What is c (base 16) in base 10?
12
-6 (base 10) to base 14
-6
Convert -7c (base 13) to base 8.
-147
What is d6 (base 16) in base 15?
e4
What is 2 (base 6) in base 3?
2
What is -1 (base 12) in base 10?
-1
Convert 1101101 (base 2) to base 8.
155
Convert -8 (base 13) to base 2.
-1000
Convert 0 (base 2) to base 11.
0
What is 0 (base 13) in base 11?
0
15 (base 16) to base 13
18
Convert 7 (base 13) to base 2.
111
Convert 9 (base 14) to base 13.
9
Convert 1032 (base 6) to base 7.
455
110110 (base 2) to base 12
46
-22 (base 4) to base 10
-10
1d (base 14) to base 11
25
Convert -77 (base 8) to base 13.
-4b
423 (base 8) to base 7
542
What is -11 (base 7) in base 10?
-8
Convert -27 (base 12) to base 6.
-51
-1 (base 12) to base 8
-1
-100 (base 2) to base 11
-4
Convert -2c (base 16) to base 3.
-1122
Convert -456 (base 7) to base 16.
-ed
What is 6 (base 10) in base 9?
6
30 (base 7) to base 4
111
What is 3 (base 7) in base 16?
3
Convert 1 (base 3) to base 14.
1
Convert 10010 (base 2) to base 6.
30
Convert -1210 (base 3) to base 11.
-44
-1033 (base 4) to base 9
-87
-112 (base 14) to base 10
-212
Convert -1 (base 9) to base 16.
-1
Convert 12 (base 7) to base 5.
14
What is -108 (base 12) in base 7?
-305
Convert 0 (base 6) to base 14.
0
a (base 16) to base 4
22
What is -13 (base 15) in base 7?
-24
-12 (base 12) to base 2
-1110
10a (base 15) to base 11
1a4
-6 (base 11) to base 12
-6
Convert 28 (base 10) to base 7.
40
0 (base 13) to base 10
0
4 (base 14) to base 16
4
Convert 168 (base 10) to base 8.
250
Convert 1001 (base 2) to base 13.
9
Convert 1 (base 10) to base 5.
1
What is -2 (base 12) in base 9?
-2
Convert 5 (base 6) to base 4.
11
Convert 21 (base 5) to base 9.
12
What is -3 (base 10) in base 3?
-10
Convert -3 (base 16) to base 3.
-10
-113 (base 7) to base 2
-111011
What is 20 (base 12) in base 7?
33
414 (base 5) to base 13
85
106 (base 7) to base 5
210
Convert 9 (base 13) to base 3.
100
What is -51 (base 7) in base 6?
-100
-1000 (base 4) to base 6
-144
What is -30 (base 15) in base 4?
-231
Convert -1 (base 12) to base 4.
-1
-31 (base 6) to base 14
-15
Convert 3 (base 8) to base 15.
3
What is 19 (base 13) in base 5?
42
Convert 58 (base 10) to base 5.
213
Convert 164 (base 7) to base 9.
115
100022 (base 3) to base 6
1055
Convert -4 (base 16) to base 12.
-4
Convert 243 (base 7) to base 4.
2001
What is 1d (base 14) in base 12?
23
Convert 16 (base 12) to base 5.
33
What is 32 (base 5) in base 2?
10001
Convert 2 (base 7) to base 4.
2
What is 10 (base 2) in base 7?
2
5 (base 14) to base 10
5
Convert 1301 (base 4) to base 8.
161
Convert -2 (base 9) to base 7.
-2
-2a (base 16) to base 3
-1120
-443 (base 7) to base 8
-343
-5 (base 14) to base 2
-101
What is -1 (base 12) in base 3?
-1
What is -101 (base 3) in base 9?
-11
What is 0 (base 11) in base 16?
0
What is 131 (base 7) in base 15?
4b
Convert 21 (base 16) to base 12.
29
-100 (base 2) to base 6
-4
What is -7 (base 15) in base 13?
-7
What is 0 (base 7) in base 3?
0
Convert -42 (base 5) to base 2.
-10110
13 (base 16) to base 4
103
Convert -14 (base 13) to base 16.
-11
What is -92 (base 14) in base 15?
-88
1 (base 13) to base 4
1
Convert -13 (base 4) to base 16.
-7
What is 0 (base 3) in base 14?
0
What is b (base 14) in base 11?
10
-21 (base 10) to base 8
-25
-4 (base 15) to base 2
-100
Convert -10 (base 2) to base 13.
-2
Convert -43 (base 8) to base 15.
-25
Convert 2 (base 16) to base 6.
2
-8 (base 14) to base 9
-8
What is 10 (base 2) in base 14?
2
Convert 21200 (base 3) to base 16.
cf
What is -6a (base 13) in base 16?
-58
Convert 0 (base 16) to base 10.
0
What is -a (base 15) in base 2?
-1010
What is 0 (base 10) in base 8?
0
What is 111 (base 4) in base 8?
25
Convert 157 (base 8) to base 14.
7d
What is -323 (base 5) in base 6?
-224
Convert -7 (base 15) to base 10.
-7
-21 (base 3) to base 14
-7
Convert 0 (base 3) to base 13.
0
Convert 112 (base 9) to base 4.
1130
Convert -265 (base 7) to base 10.
-145
3 (base 15) to base 13
3
Convert -2 (base 8) to base 12.
-2
Convert a3 (base 12) to base 16.
7b
-4a (base 11) to base 12
-46
What is 16 (base 8) in base 9?
15
-2a (base 11) to base 8
-40
Convert b (base 14) to base 15.
b
Convert -535 (base 6) to base 16.
-cb
Convert -4 (base 14) to base 11.
-4
What is 1b (base 15) in base 14?
1c
-110 (base 9) to base 13
-6c
Convert 9 (base 14) to base 3.
100
What is 2 (base 16) in base 15?
2
What is 96 (base 10) in base 16?
60
What is -6 (base 9) in base 7?
-6
1 (base 16) to base 7
1
What is 0 (base 6) in base 4?
0
Convert -101 (base 2) to base 3.
-12
What is 2 (base 4) in base 2?
10
Convert -4 (base 9) to base 6.
-4
3 (base 13) to base 15
3
-132 (base 6) to base 12
-48
What is 10 (base 2) in base 15?
2
What is 0 (base 14) in base 3?
0
1 (base 9) to base 12
1
-4 (base 12) to base 14
-4
102 (base 8) to base 14
4a
Convert -4 (base 15) to base 10.
-4
110111 (base 2) to base 11
50
What is -1013 (base 4) in base 5?
-241
What is -4 (base 7) in base 10?
-4
What is 133 (base 11) in base 5?
1112
Convert -11 (base 2) to base 11.
-3
What is 19c (base 13) in base 2?
100101010
What is -2 (base 4) in base 6?
-2
What is -129 (base 10) in base 7?
-243
Convert -3a (base 15) to base 13.
-43
What is 230 (base 6) in base 13?
6c
Convert -102 (base 3) to base 7.
-14
Convert 7 (base 11) to base 10.
7
What is 101000 (base 2) in base 5?
130
Convert 25 (base 14) to base 16.
21
What is -11 (base 5) in base 9?
-6
Convert -166 (base 9) to base 11.
-119
What is 83 (base 11) in base 6?
231
-7 (base 9) to base 6
-11
-8 (base 13) to base 5
-13
Convert 2 (base 11) to base 15.
2
1 (base 12) to base 7
1
Convert -f (base 16) to base 8.
-17
What is 63 (base 7) in base 9?
50
What is 24 (base 11) in base 15?
1b
What is -4 (base 12) in base 16?
-4
Convert 143 (base 16) to base 11.
274
Convert -46 (base 7) to base 6.
-54
141 (base 6) to base 12
51
What is 2 (base 7) in base 4?
2
-322 (base 5) to base 8
-127
Convert -11 (base 10) to base 15.
-b
What is -11111 (base 2) in base 8?
-37
Convert -2 (base 9) to base 14.
-2
What is 101 (base 2) in base 11?
5
Convert -4 (base 7) to base 15.
-4
Convert -22 (base 9) to base 6.
-32
Convert 10 (base 3) to base 16.
3
Convert 8 (base 12) to base 15.
8
-2221 (base 3) to base 2
-1001111
-125 (base 7) to base 4
-1010
-30 (base 4) to base 14
-c
What is 13 (base 11) in base 3?
112
Convert -18 (base 16) to base 6.
-40
What is -8 (base 13) in base 7?
-11
0 (base 7) to base 15
0
Convert 27 (base 11) to base 16.
1d
1 (base 2) to base 16
1
Convert 17 (base 10) to base 2.
10001
Convert 9 (base 12) to base 15.
9
Convert -4 (base 10) to base 14.
-4
What is -16 (base 13) in base 16?
-13
What is 7 (base 10) in base 7?
10
0 (base 5) to base 13
0
Convert 1 (base 12) to base 8.
1
What is -13 (base 7) in base 15?
-a
-30 (base 5) to base 12
-13
Convert a (base 16) to base 7.
13
What is -3 (base 11) in base 16?
-3
What is -22 (base 3) in base 8?
-10
What is 2 (base 8) in base 9?
2
Convert 2a (base 14) to base 11.
35
67 (base 12) to base 9
87
What is 3 (base 6) in base 16?
3
-30 (base 16) to base 7
-66
What is 83 (base 14) in base 3?
11021
Convert -111 (base 2) to base 5.
-12
Convert 27 (base 14) to base 6.
55
What is -51 (base 12) in base 14?
-45
What is 2011 (base 3) in base 4?
322
Convert 0 (base 8) to base 7.
0
What is -12 (base 11) in base 7?
-16
6 (base 7) to base 11
6
-6 (base 10) to base 15
-6
What is f (base 16) in base 2?
1111
Convert 211 (base 3) to base 12.
1a
-101 (base 2) to base 8
-5
-25 (base 9) to base 7
-32
Convert 122 (base 7) to base 4.
1001
100112 (base 3) to base 15
122
What is 200 (base 3) in base 2?
10010
Convert -25 (base 15) to base 14.
-27
66 (base 16) to base 4
1212
0 (base 14) to base 4
0
What is 6 (base 16) in base 7?
6
Convert -222 (base 3) to base 16.
-1a
Convert -1 (base 6) to base 16.
-1
Convert -1 (base 16) to base 3.
-1
Convert 1024 (base 5) to base 16.
8b
Convert 33 (base 9) to base 14.
22
520 (base 6) to base 2
11000000
What is -1000 (base 3) in base 15?
-1c
Convert 66 (base 10) to base 2.
1000010
Convert 0 (base 10) to base 8.
0
Conve